{"id":78,"date":"2022-05-14T08:52:53","date_gmt":"2022-05-14T08:52:53","guid":{"rendered":"https:\/\/sve-erzgebirge.de\/?post_type=product&amp;p=19"},"modified":"2022-05-14T08:52:53","modified_gmt":"2022-05-14T08:52:53","slug":"tatratea-52-original-07-l","status":"publish","type":"product","link":"https:\/\/sve-erzgebirge.de\/index.php\/produkt\/tatratea-52-original-07-l\/","title":{"rendered":"Tatratea 52 % Original 0,7 l"},"content":{"rendered":"<p>Er wird mit einem Alkoholgehalt von 52% und und in Flaschen mit 0,7 l hergestellt. Er ist ein einzigartiges und delikates Alkoholgetr\u00e4nk mit einem Tee-Charakter. Es geht um ein Konzentrat aus Alkohol, Zucker, Kr\u00e4uter- und Tee-Extrakten, Obstdestillaten und -extrakten. Das erste Originalgetr\u00e4nk auf Teebasis in der Slowakei.<\/p>\n<h2>Details &amp; Zutaten<\/h2>\n<p><strong>Alkoholgehalt:<\/strong>\u00a052% vol.<\/p>\n<p><strong>Herkunftsland:<\/strong>\u00a0Slowakei<\/p>\n","protected":false},"excerpt":{"rendered":"<p>Er wird mit einem Alkoholgehalt von 52% und und in Flaschen mit 0,7 l hergestellt. Er ist ein einzigartiges und delikates Alkoholgetr\u00e4nk mit einem Tee-Charakter. Es geht um ein Konzentrat aus Alkohol, Zucker, Kr\u00e4uter- und Tee-Extrakten, Obstdestillaten und -extrakten. Das erste Originalgetr\u00e4nk auf Teebasis in der Slowakei.<\/p>\n","protected":false},"featured_media":32,"comment_status":"closed","ping_status":"closed","template":"","meta":[],"product_brand":[],"product_cat":[19],"product_tag":[],"class_list":{"0":"post-78","1":"product","2":"type-product","3":"status-publish","4":"has-post-thumbnail","6":"product_cat-spirituosen","7":"product_shipping_class-dhl","9":"first","10":"instock","11":"taxable","12":"shipping-taxable","13":"purchasable","14":"product-type-simple"},"_links":{"self":[{"href":"https:\/\/sve-erzgebirge.de\/index.php\/wp-json\/wp\/v2\/product\/78","targetHints":{"allow":["GET"]}}],"collection":[{"href":"https:\/\/sve-erzgebirge.de\/index.php\/wp-json\/wp\/v2\/product"}],"about":[{"href":"https:\/\/sve-erzgebirge.de\/index.php\/wp-json\/wp\/v2\/types\/product"}],"replies":[{"embeddable":true,"href":"https:\/\/sve-erzgebirge.de\/index.php\/wp-json\/wp\/v2\/comments?post=78"}],"wp:featuredmedia":[{"embeddable":true,"href":"https:\/\/sve-erzgebirge.de\/index.php\/wp-json\/wp\/v2\/media\/32"}],"wp:attachment":[{"href":"https:\/\/sve-erzgebirge.de\/index.php\/wp-json\/wp\/v2\/media?parent=78"}],"wp:term":[{"taxonomy":"product_brand","embeddable":true,"href":"https:\/\/sve-erzgebirge.de\/index.php\/wp-json\/wp\/v2\/product_brand?post=78"},{"taxonomy":"product_cat","embeddable":true,"href":"https:\/\/sve-erzgebirge.de\/index.php\/wp-json\/wp\/v2\/product_cat?post=78"},{"taxonomy":"product_tag","embeddable":true,"href":"https:\/\/sve-erzgebirge.de\/index.php\/wp-json\/wp\/v2\/product_tag?post=78"}],"curies":[{"name":"wp","href":"https:\/\/api.w.org\/{rel}","templated":true}]}}