{"id":76,"date":"2022-05-14T08:52:47","date_gmt":"2022-05-14T08:52:47","guid":{"rendered":"https:\/\/sve-erzgebirge.de\/?post_type=product&amp;p=17"},"modified":"2022-05-14T08:52:47","modified_gmt":"2022-05-14T08:52:47","slug":"tatratea-37-hibiskus-roter-tee-07-l","status":"publish","type":"product","link":"https:\/\/sve-erzgebirge.de\/index.php\/produkt\/tatratea-37-hibiskus-roter-tee-07-l\/","title":{"rendered":"Tatratea 37 % Hibiskus &#038; Roter Tee 0,7 l"},"content":{"rendered":"<p>Tatratea 37 ist mit einem Extrakt aus rotem Tee, Hibiskus und Kirschen angereichert, die eine Quelle nat\u00fcrlicher Antioxidantien sind. Hibiskus stammt aus den tropischen Teilen Asiens und zeichnet sich durch gro\u00dfe essbare Bl\u00fcten aus, die f\u00fcr die Zubereitung von Tee mit leicht saurem Geschmack und einer sch\u00f6nen rubinroten Farbe geeignet sind. Der resultierende Geschmack hat T\u00f6ne von s\u00fc\u00dfen Pralinen, Cr\u00e8me Br\u00fbl\u00e9e und Rubin Punsch mit Aromen von Wintergew\u00fcrzen und Dattelsirup.<\/p>\n<h2>Details &amp; Zutaten<\/h2>\n<p><strong>Alkoholgehalt:<\/strong>\u00a037% vol.<\/p>\n<p><strong>Zutaten:<\/strong><\/p>\n<p>Trinkwasser, Alkohol, Zucker, Fruchtkonzentrate, Fruchtdestillate und Aromen, Mischung aus Teeextrakten 5,5%<\/p>\n<p><strong>Herkunftsland:<\/strong>\u00a0Slowakei<\/p>\n","protected":false},"excerpt":{"rendered":"<p>Tatratea 37 ist mit einem Extrakt aus rotem Tee, Hibiskus und Kirschen angereichert, die eine Quelle nat\u00fcrlicher Antioxidantien sind. Hibiskus stammt aus den tropischen Teilen Asiens und zeichnet sich durch gro\u00dfe essbare Bl\u00fcten aus, die f\u00fcr die Zubereitung von Tee mit leicht saurem Geschmack und einer sch\u00f6nen rubinroten Farbe geeignet sind. Der resultierende Geschmack hat T\u00f6ne von s\u00fc\u00dfen Pralinen, Cr\u00e8me Br\u00fbl\u00e9e und Rubin Punsch mit Aromen von Wintergew\u00fcrzen und Dattelsirup.<\/p>\n","protected":false},"featured_media":30,"comment_status":"closed","ping_status":"closed","template":"","meta":[],"product_brand":[],"product_cat":[19],"product_tag":[],"class_list":{"0":"post-76","1":"product","2":"type-product","3":"status-publish","4":"has-post-thumbnail","6":"product_cat-spirituosen","7":"product_shipping_class-dhl","9":"first","10":"instock","11":"taxable","12":"shipping-taxable","13":"purchasable","14":"product-type-simple"},"_links":{"self":[{"href":"https:\/\/sve-erzgebirge.de\/index.php\/wp-json\/wp\/v2\/product\/76","targetHints":{"allow":["GET"]}}],"collection":[{"href":"https:\/\/sve-erzgebirge.de\/index.php\/wp-json\/wp\/v2\/product"}],"about":[{"href":"https:\/\/sve-erzgebirge.de\/index.php\/wp-json\/wp\/v2\/types\/product"}],"replies":[{"embeddable":true,"href":"https:\/\/sve-erzgebirge.de\/index.php\/wp-json\/wp\/v2\/comments?post=76"}],"wp:featuredmedia":[{"embeddable":true,"href":"https:\/\/sve-erzgebirge.de\/index.php\/wp-json\/wp\/v2\/media\/30"}],"wp:attachment":[{"href":"https:\/\/sve-erzgebirge.de\/index.php\/wp-json\/wp\/v2\/media?parent=76"}],"wp:term":[{"taxonomy":"product_brand","embeddable":true,"href":"https:\/\/sve-erzgebirge.de\/index.php\/wp-json\/wp\/v2\/product_brand?post=76"},{"taxonomy":"product_cat","embeddable":true,"href":"https:\/\/sve-erzgebirge.de\/index.php\/wp-json\/wp\/v2\/product_cat?post=76"},{"taxonomy":"product_tag","embeddable":true,"href":"https:\/\/sve-erzgebirge.de\/index.php\/wp-json\/wp\/v2\/product_tag?post=76"}],"curies":[{"name":"wp","href":"https:\/\/api.w.org\/{rel}","templated":true}]}}